 = -39 + 43. Suppose i - 20 = -o*b - 5, -2*b - 5*i = -3. Suppose -3*d + 7 + 8 = 0, 135 = b*k - 5*d. What is the units digit of k?
0
Let z(l) = 3*l**3 - 2*l**2 + l. Suppose 0*s + 4 = s. Suppose -2*o + 2*d = d - s, -o = -4*d - 2. What is the tens digit of z(o)?
1
Suppose -3*s + 0*s = 2*g - 18, 3*g - s - 16 = 0. Suppose 810 = -5*k + g*k. What is the tens digit of k?
1
Let u be 272 - (20 - 24)*1/(-2). Suppose u = -21*m + 24*m. What is the tens digit of m?
9
Let s(j) = -278*j**3 - 2*j - 1. Let i(y) = y**2 + 23*y + 101. Let z be i(-17). What is the tens digit of s(z)?
7
Suppose -2*g + 80 + 284 = -2*x, -2*g + x + 369 = 0. Let q = -8 + -63. Let w = q + g. What is the tens digit of w?
1
Let g = 14997 + -8620. What is the units digit of g?
7
Suppose 3*k - 7115 = -88*t + 92*t, 0 = 3*t - 21. What is the tens digit of k?
8
Let n be 7 - (-3)/((-3)/4). Suppose -t - n*z + 137 = 0, -t = -2*t - 5*z + 141. Suppose -2*y + 317 = -t. What is the tens digit of y?
2
What is the units digit of (524956/(-370))/(1/(-5))?
4
Let m = 11611 + -4417. What is the units digit of m?
4
What is the hundreds digit of ((-10)/50)/((-2)/82430)?
2
Suppose 2738695 = 22*x + 133*x. What is the ten thousands digit of x?
1
Suppose -260040 = -18*v - 85152. What is the tens digit of v?
1
Let v be 1 + -6 - 1*-3*681. Let f = -1154 + v. What is the tens digit of f?
8
Let y be ((-122)/(-5))/((-4)/(-40)). Let c be (10 - 10)/(0 + 1). Suppose 4*b - 3*d - y = c, d - 72 = -b - d. What is the units digit of b?
4
Suppose 5*h - 2*o - 35931 = 0, 5*h + 182*o = 186*o + 35917. What is the units digit of h?
9
Suppose 212*z - 97*z - 10836 = 106*z. What is the hundreds digit of z?
2
Suppose 13*u + 112*u = -53*u + 1816846. What is the thousands digit of u?
0
Let i(c) = -5926*c + 27. What is the tens digit of i(-2)?
7
Let a = 415 + -247. What is the hundreds digit of (-7)/(a/4688)*3/(-2)?
2
Suppose w + 3*t - 1 = 0, 0*t + 1 = w - 5*t. What is the units digit of w/4 - ((-11)/4 - 1)?
4
Let n = -1000 + 652. Let u = n + 617. What is the hundreds digit of u?
2
Suppose -26 = -4*t - m - 719, 5*t = 3*m - 862. Suppose 0 = -3*j - 56 - 40. Let p = j - t. What is the units digit of p?
1
Suppose -5*o + 62*m - 63*m = -12070, -3*m + 9656 = 4*o. What is the hundreds digit of o?
4
Let o(u) = 2950*u - 2499. What is the units digit of o(5)?
1
Let h = -337 + 160. Let p = 35 - 37. What is the hundreds digit of h/(p/(-8)*-6)?
1
Let j = 39552 - 22430. What is the thousands digit of j?
7
Suppose 57*q + 63*q - 29*q = 4311762. What is the thousands digit of q?
7
Let g(x) = 79*x**3 - 2*x**2 + 3*x - 1. Let d(n) = 3*n**2 - 5*n - 9. Let s be d(-2). Suppose -s = -q - 2*f - 2, 4*f - 20 = 0. What is the tens digit of g(q)?
7
Suppose f - 2*s = 0, -39 = 70*f - 65*f + 3*s. What is the tens digit of ((-3)/2)/(f/2936)?
3
Let u be (-6 - -2)/(-6 - -7) + -1088. Let b = u + 1550. What is the units digit of b?
8
Suppose -2*w = -6, -2*g + 3*w - 6644 = -7*g. Let k = -509 + g. What is the units digit of k?
8
Let k(v) = -23*v**2 - 21*v + 128. Let r(a) = 12*a**2 + 9*a - 63. Let w(x) = 2*k(x) + 5*r(x). What is the hundreds digit of w(5)?
3
Let o(t) = 516*t**2 + 46*t + 36. What is the ten thousands digit of o(-6)?
1
Let q = 918 - 793. What is the tens digit of q?
2
Let i = 42 + -42. Suppose -a - 1 = i, -a = -2*z - 3*z + 31. Suppose 591 = z*o - 87. What is the hundreds digit of o?
1
Suppose -21309*a + 21379*a - 1731380 = 0. What is the hundreds digit of a?
7
Let h(w) = 6*w - 87. Let r be h(14). What is the tens digit of (15/r)/(1/(-45))?
2
Let q = -920 - -1882. What is the tens digit of q?
6
Suppose -29*r = -22*r + 448. What is the units digit of 93/13 - r/(-416)?
7
Let p = 4664 + 10862. What is the tens digit of p?
2
Let l = -11239 - -21716. What is the units digit of l?
7
Suppose 3*v - 9 = 6. Suppose 37 = 2*g + f, -59 = v*g - 8*g - 5*f. Let t = 19 + g. What is the tens digit of t?
3
Suppose -a + 6*j = -48540, -19*a + 17*a = -j - 97025. What is the ten thousands digit of a?
4
Let j be 2*7*12/(-24). Let y = 15 + j. Let i = 176 - y. What is the units digit of i?
8
Suppose 4*o = -2*f + 18962, -3*o + 14214 = -2*f + 6*f. What is the units digit of o?
2
Let b = 143 + -50. Let o be (-2)/12 + b/18. Suppose -3*v + 0*v = -3*y + 234, y - 84 = -o*v. What is the units digit of y?
9
Suppose -2*d + 2 = -4. Suppose p - 2*b = 3, -5*b = -d*p - b + 9. What is the units digit of 4*((-216)/(-4))/p?
2
Suppose -16000 = -11*j - 19534 + 60514. What is the tens digit of j?
8
Suppose -25*t + 2163251 = 730176. What is the units digit of t?
3
Suppose -16*s + 40 = -8. Suppose 0 = 10*r - 9*r + s, -3*l = -5*r - 1038. What is the tens digit of l?
4
Suppose -3*v = -11*y + 10*y + 2465, 3*y - 7434 = -4*v. Let c = y + -1264. What is the hundreds digit of c?
2
Let u be ((-20)/25)/(((-12)/(-610))/(-3)). Let z be 4/(-24)*3*u. Let j = z - -189. What is the tens digit of j?
2
What is the units digit of (-28)/(-20 + 83985/4200)?
0
Suppose 0*u + 16800 = 16*u. Suppose 4*b = -26*g + 28*g - u, -b = -2*g + 1056. What is the units digit of g?
9
Suppose 0 = -4*j + 8*j + 2*y - 2564, 4*j = -4*y + 2564. What is the units digit of j?
1
Suppose 3*f - 5*j - 115781 = 0, -19*f - j + 38607 = -18*f. What is the ten thousands digit of f?
3
Suppose 5*k + 130 = -2*h + 917, -h - 3*k + 396 = 0. Suppose 4*j = 3*j - 3*c + 127, -c - h = -3*j. What is the hundreds digit of j?
1
Let y = -10373 + 17915. What is the units digit of y?
2
Let n = -150 + 39743. What is the hundreds digit of n?
5
What is the ten thousands digit of 30879490/493 - -24 - 2/(-17)?
6
Let c(i) = -20*i + 1 + 39*i + 16 - 17*i. Let w be c(-6). Suppose -x - 12 = -5*y + 1035, -w*y + 2*x = -1049. What is the units digit of y?
9
Suppose 0*r + 2053 = 4*r - 83691. What is the hundreds digit of r?
4
Let u(i) = 5*i - 20. Let l(d) = -5*d + 21. Let k(x) = x**2 - 8*x + 12. Let g be k(7). Let p(t) = g*l(t) + 6*u(t). What is the tens digit of p(12)?
4
Let j = -4 - 37. Suppose -4*w - 4*q + 900 - 128 = 0, 4*w + 3*q = 773. Let x = w - j. What is the tens digit of x?
3
Let u(l) = -2*l**3 + 4*l**2 + l + 9. Let i(q) = 8*q**3 - 17*q**2 - 4*q - 37. Let f(s) = -2*i(s) - 9*u(s). What is the tens digit of f(4)?
8
Let l(h) = -h**2 - 11*h + 7. Let y be l(-10). Suppose -g + y = -0. Let d = g + 31. What is the units digit of d?
8
Suppose -25228 = 13*u + 21*u. Let a = -430 - u. What is the tens digit of a?
1
Let d = -166 + 162. What is the tens digit of 1 + d + -6 + (427 - -2)?
2
What is the units digit of ((-384244)/56)/((-5)/10)?
3
Let y(n) = -n + 9. Let d be y(11). Let j be (-3 + 4 + 3)/(d*1). Let x(l) = -14*l**3 + 4*l**2 + 3*l - 4. What is the tens digit of x(j)?
1
Let k(a) = 1. Let p(w) = 62*w + 26. Let h(t) = 10*k(t) - p(t). Let d be h(-5). Let o = 500 - d. What is the hundreds digit of o?
2
Let y = -26335 + 85312. What is the ten thousands digit of y?
5
Let s(w) = w**2 + 4*w + 477. Let g(q) = 3*q**2 - 20*q - 7. Let t be g(7). What is the tens digit of s(t)?
7
Suppose 239*y - 4528562 = 1235162. What is the ten thousands digit of y?
2
Suppose -18*o = -15*o + 2*f - 79, 3*f = 3*o - 84. Suppose -3*l = -l - 310. Let t = l - o. What is the tens digit of t?
2
Let g(b) = 3*b + 3. Let w be g(-7). Let y(a) be the first derivative of a**4/4 + 19*a**3/3 + 11*a**2/2 + 11*a + 178. What is the hundreds digit of y(w)?
1
Suppose 0 = 5*w - 0*w - 20. Let l(g) = -g**3 + 4*g**2 - 3*g + 9. Let d be l(w). What is the tens digit of 108/d*(-11)/3?
3
Suppose z + 5*l - 269 = 0, 2*z - 2*l + 6*l - 532 = 0. Let c = z - -28. What is the tens digit of c?
9
Suppose 81*g + 109*g - 10743870 = -24*g. What is the hundreds digit of g?
2
Suppose q + 220 = n + 2876, -2*q - n = -5312. What is the hundreds digit of q?
6
Let y(j) = j**3 - 19*j**2 + 21*j - 12. Let q be y(15). Let k = -298 - q. What is the units digit of k?
9
Suppose -23*t - 4*t - 23*t + 1446350 = 0. What is the ten thousands digit of t?
2
What is the tens digit of (20/25)/((-18)/(-406080))?
4
Let q be (1/1)/(1/10). Suppose 0 = q*z - 2 - 78. What is the tens digit of 12/(-32) + 715/z?
8
What is the hundreds digit of 102/(-170) + ((-7628)/(-5) - -2) + 0?
5
Let x(r) = 6*r + 2*r + 5260*r**2 - 16 - 5253*r**2 - 13. What is the units digit of x(-7)?
8
Let p(c) = 8*c + 219. Let a be p(-27). Suppose -j + 4400 = 3*t, 9*t - 4*t + a*j = 7332. What is the thousands digi